{"id":16,"date":"2016-05-09T22:01:56","date_gmt":"2016-05-09T21:01:56","guid":{"rendered":"http:\/\/lavaillante13.fr\/?page_id=16"},"modified":"2024-05-22T11:49:49","modified_gmt":"2024-05-22T10:49:49","slug":"jean-joseph-allemand","status":"publish","type":"page","link":"https:\/\/lavaillante13.fr\/?page_id=16","title":{"rendered":"Jean Joseph Allemand"},"content":{"rendered":"<header class=\"entry-header\">\n<div class=\"v11 ps85 s57 c80\">\n<p style=\"text-align: justify;\">Jean-Joseph Allemand est n\u00e9 le 27 d\u00e9cembre 1772 \u00e0 Marseille, dans une famille de commer\u00e7ants de 7 enfants. Les parents de Jean-Joseph \u00e9taient des personnes rudes, peu sensibles au caract\u00e8re doux de leur dernier. Ils n\u2019envisageaient pas de fa\u00e7on optimiste sa volont\u00e9 de devenir pr\u00eatre. \u00c0 13 ans Jean-Joseph entre dans un groupe de jeunes anim\u00e9 par les p\u00e8res du Bon Pasteur. Il s\u2019y sent bien. Sa vocation s\u2019affirme et il envisage de donner sa vie au service des jeunes.<\/p>\n<\/div>\n<div class=\"v11 ps86 s58 c81\">\n<p class=\"p4 f14\" style=\"text-align: justify;\">18 ans, en 1790 \u2013 on est en pleine r\u00e9volution \u2013 apr\u00e8s avoir beaucoup r\u00e9fl\u00e9chi, pri\u00e9 et pris conseil, Jean-Joseph annonce \u00e0 ses parents qu\u2019il veut devenir pr\u00eatre. Son p\u00e8re, inquiet pour la s\u00e9curit\u00e9 de Jean-Joseph et du reste de sa famille, est contre cette d\u00e9cision et fait tout pour d\u00e9tourner son fils de cette voie. Il l\u2019enferme dans sa chambre\u2026 Mais Jean-Joseph tient bon. Durant deux ann\u00e9es il ne peut qu\u2019attendre car il n\u2019y plus de s\u00e9minaire ni d\u2019\u00e9v\u00eaque \u00e0 Marseille. L\u2019ambiance familiale est toujours aussi tendue. Jean-Joseph obtient d\u2019aller habiter chez sa marraine qui est bien dispos\u00e9e \u00e0 son \u00e9gard.<\/p>\n<p class=\"p4 f14\" style=\"text-align: justify;\">\u00c0 20 ans il commence sa formation, aid\u00e9 par trois pr\u00eatres du Bon Pasteur rentr\u00e9s sur Marseille. L\u2019un d\u2019eux, le p\u00e8re Reimonet, l\u2019accueille chez lui et s\u2019occupe de lui en cachette. Une grande confiance et une forte amiti\u00e9 les unis. Pour vivre Jean-Joseph donne des le\u00e7ons. Mais la r\u00e9volution se durcit, on exige des pr\u00eatres qu\u2019ils jurent de ne plus ob\u00e9ir au Pape. Ceux qui refusent sont mis en prison et envoy\u00e9s en exil sur le bateau le Sainte-Elisabeth. L\u2019abb\u00e9 Reimonet est de ceux-l\u00e0. Pendant ce temps-l\u00e0 la famille de Jean-Joseph conna\u00eet de grands malheurs ; trois fr\u00e8res meurent, dont un qui \u00e9tait du c\u00f4t\u00e9 des r\u00e9volutionnaires et fut accus\u00e9 de trahison, le magasin des parents fait faillite\u2026 Le p\u00e8re Reimonet revient clandestinement \u00e0 Marseille et accueille Jean-Joseph chez lui. Ils aident les gens, c\u00e9l\u00e8brent les sacrements sans que les autorit\u00e9s ne puissent mettre la main sur eux.<\/p>\n<p class=\"p4 f14\" style=\"text-align: justify;\">En 1797 un \u00e9v\u00eaque peut enfin entrer \u00e0 Marseille et il ordonne Jean-Joseph le 19 juillet 1798 dans l\u2019anonymat le plus complet. Jean-Joseph \u00e0 26 ans. Il commence son minist\u00e8re dans le secret et la pauvret\u00e9 la plus absolue. Il est tr\u00e8s appr\u00e9ci\u00e9. Avec des temps plus calmes Jean-Joseph d\u00e9cide, malgr\u00e9 l\u2019avis contraire de beaucoup qui l\u2019en croient incapable, d\u2019organiser des activit\u00e9s pour les jeunes. Il commence avec quatre jeunes dans une chambre de bonne : c\u2019est la premi\u00e8re \u0152uvre de jeunesse. Les effectifs s\u2019accroissent et malgr\u00e9 de nouvelles difficult\u00e9s (fermeture de l\u2019\u0152uvre de 1809 \u00e0 1814 durant laquelle les activit\u00e9s continuent clandestinement, organis\u00e9es par des grands responsables) l\u2019\u0152uvre s\u2019agrandit sous le regard confiant et serein de son fondateur.<\/p>\n<p class=\"p4 f14\" style=\"text-align: justify;\">En 1820 l\u2019\u0152uvre s\u2019installe dans une grande ferme (l\u2019actuelle maison de la rue Saint-Savournin). Des grands, fid\u00e8les depuis le d\u00e9but, s\u2019installent \u00e0 proximit\u00e9 pour aider au fonctionnement de l\u2019\u0152uvre. Ils continuent de travailler et consacrent leur loisir au service des jeunes. \u00c0 la fin de sa vie Jean-Joseph n\u2019a rien pr\u00e9vu pour sa succession. Il fait confiance \u00e0 Dieu, le r\u00e9p\u00e8te sans cesse et laisse les messieurs \u00e0 leurs responsabilit\u00e9s. Il meurt le 10 avril 1836.<\/p>\n<\/div>\n<\/header>\n","protected":false},"excerpt":{"rendered":"<p>Jean-Joseph Allemand est n\u00e9 le 27 d\u00e9cembre 1772 \u00e0 Marseille, dans une famille de commer\u00e7ants de 7 enfants. Les parents de Jean-Joseph \u00e9taient des personnes rudes, peu sensibles au caract\u00e8re doux de leur dernier. Ils n\u2019envisageaient pas de fa\u00e7on optimiste sa volont\u00e9 de devenir pr\u00eatre. \u00c0 13 ans Jean-Joseph entre dans un groupe de jeunes [&hellip;]<\/p>\n","protected":false},"author":1,"featured_media":0,"parent":0,"menu_order":0,"comment_status":"closed","ping_status":"closed","template":"","meta":{"footnotes":""},"class_list":["post-16","page","type-page","status-publish","czr-hentry"],"_links":{"self":[{"href":"https:\/\/lavaillante13.fr\/index.php?rest_route=\/wp\/v2\/pages\/16","targetHints":{"allow":["GET"]}}],"collection":[{"href":"https:\/\/lavaillante13.fr\/index.php?rest_route=\/wp\/v2\/pages"}],"about":[{"href":"https:\/\/lavaillante13.fr\/index.php?rest_route=\/wp\/v2\/types\/page"}],"author":[{"embeddable":true,"href":"https:\/\/lavaillante13.fr\/index.php?rest_route=\/wp\/v2\/users\/1"}],"replies":[{"embeddable":true,"href":"https:\/\/lavaillante13.fr\/index.php?rest_route=%2Fwp%2Fv2%2Fcomments&post=16"}],"version-history":[{"count":2,"href":"https:\/\/lavaillante13.fr\/index.php?rest_route=\/wp\/v2\/pages\/16\/revisions"}],"predecessor-version":[{"id":364,"href":"https:\/\/lavaillante13.fr\/index.php?rest_route=\/wp\/v2\/pages\/16\/revisions\/364"}],"wp:attachment":[{"href":"https:\/\/lavaillante13.fr\/index.php?rest_route=%2Fwp%2Fv2%2Fmedia&parent=16"}],"curies":[{"name":"wp","href":"https:\/\/api.w.org\/{rel}","templated":true}]}}

<header class="entry-header">
<div class="v11 ps85 s57 c80">
<p style="text-align: justify;">Jean-Joseph Allemand est né le 27 décembre 1772 à Marseille, dans une famille de commerçants de 7 enfants. Les parents de Jean-Joseph étaient des personnes rudes, peu sensibles au caractère doux de leur dernier. Ils n’envisageaient pas de façon optimiste sa volonté de devenir prêtre. À 13 ans Jean-Joseph entre dans un groupe de jeunes animé par les pères du Bon Pasteur. Il s’y sent bien. Sa vocation s’affirme et il envisage de donner sa vie au service des jeunes.</p>
</div>
<div class="v11 ps86 s58 c81">
<p class="p4 f14" style="text-align: justify;">18 ans, en 1790 – on est en pleine révolution – après avoir beaucoup réfléchi, prié et pris conseil, Jean-Joseph annonce à ses parents qu’il veut devenir prêtre. Son père, inquiet pour la sécurité de Jean-Joseph et du reste de sa famille, est contre cette décision et fait tout pour détourner son fils de cette voie. Il l’enferme dans sa chambre… Mais Jean-Joseph tient bon. Durant deux années il ne peut qu’attendre car il n’y plus de séminaire ni d’évêque à Marseille. L’ambiance familiale est toujours aussi tendue. Jean-Joseph obtient d’aller habiter chez sa marraine qui est bien disposée à son égard.</p>
<p class="p4 f14" style="text-align: justify;">À 20 ans il commence sa formation, aidé par trois prêtres du Bon Pasteur rentrés sur Marseille. L’un d’eux, le père Reimonet, l’accueille chez lui et s’occupe de lui en cachette. Une grande confiance et une forte amitié les unis. Pour vivre Jean-Joseph donne des leçons. Mais la révolution se durcit, on exige des prêtres qu’ils jurent de ne plus obéir au Pape. Ceux qui refusent sont mis en prison et envoyés en exil sur le bateau le Sainte-Elisabeth. L’abbé Reimonet est de ceux-là. Pendant ce temps-là la famille de Jean-Joseph connaît de grands malheurs ; trois frères meurent, dont un qui était du côté des révolutionnaires et fut accusé de trahison, le magasin des parents fait faillite… Le père Reimonet revient clandestinement à Marseille et accueille Jean-Joseph chez lui. Ils aident les gens, célèbrent les sacrements sans que les autorités ne puissent mettre la main sur eux.</p>
<p class="p4 f14" style="text-align: justify;">En 1797 un évêque peut enfin entrer à Marseille et il ordonne Jean-Joseph le 19 juillet 1798 dans l’anonymat le plus complet. Jean-Joseph à 26 ans. Il commence son ministère dans le secret et la pauvreté la plus absolue. Il est très apprécié. Avec des temps plus calmes Jean-Joseph décide, malgré l’avis contraire de beaucoup qui l’en croient incapable, d’organiser des activités pour les jeunes. Il commence avec quatre jeunes dans une chambre de bonne : c’est la première Œuvre de jeunesse. Les effectifs s’accroissent et malgré de nouvelles difficultés (fermeture de l’Œuvre de 1809 à 1814 durant laquelle les activités continuent clandestinement, organisées par des grands responsables) l’Œuvre s’agrandit sous le regard confiant et serein de son fondateur.</p>
<p class="p4 f14" style="text-align: justify;">En 1820 l’Œuvre s’installe dans une grande ferme (l’actuelle maison de la rue Saint-Savournin). Des grands, fidèles depuis le début, s’installent à proximité pour aider au fonctionnement de l’Œuvre. Ils continuent de travailler et consacrent leur loisir au service des jeunes. À la fin de sa vie Jean-Joseph n’a rien prévu pour sa succession. Il fait confiance à Dieu, le répète sans cesse et laisse les messieurs à leurs responsabilités. Il meurt le 10 avril 1836.</p>
</div>
</header>

<p>Jean-Joseph Allemand est né le 27 décembre 1772 à Marseille, dans une famille de commerçants de 7 enfants. Les parents de Jean-Joseph étaient des personnes rudes, peu sensibles au caractère doux de leur dernier. Ils n’envisageaient pas de façon optimiste sa volonté de devenir prêtre. À 13 ans Jean-Joseph entre dans un groupe de jeunes [&hellip;]</p>
